{"id":474,"date":"2025-01-02T19:22:41","date_gmt":"2025-01-02T19:22:41","guid":{"rendered":"https:\/\/puamexico.site\/?page_id=474"},"modified":"2025-02-21T00:12:24","modified_gmt":"2025-02-21T00:12:24","slug":"quienes-somos","status":"publish","type":"page","link":"https:\/\/puamexico.com\/index.php\/quienes-somos\/","title":{"rendered":"\u00bfQui\u00e9nes somos?"},"content":{"rendered":"<p>[et_pb_section fb_built=&#8221;1&#8243; _builder_version=&#8221;4.27.4&#8243; _module_preset=&#8221;default&#8221; use_background_color_gradient=&#8221;on&#8221; background_color_gradient_stops=&#8221;rgba(43,135,218,0) 0%|#3b4481 100%&#8221; background_image=&#8221;https:\/\/puamexico.com\/wp-content\/uploads\/2025\/01\/nosotros-enc-v2.png&#8221; background_blend=&#8221;multiply&#8221; custom_margin=&#8221;-142px||||false|false&#8221; custom_padding=&#8221;300px||50px||false|false&#8221; hover_enabled=&#8221;0&#8243; global_colors_info=&#8221;{}&#8221; title_text=&#8221;nosotros-enc-v2&#8243; sticky_enabled=&#8221;0&#8243;][et_pb_row _builder_version=&#8221;4.23.1&#8243; _module_preset=&#8221;default&#8221; global_colors_info=&#8221;{}&#8221;][et_pb_column type=&#8221;4_4&#8243; _builder_version=&#8221;4.23.1&#8243; _module_preset=&#8221;default&#8221; global_colors_info=&#8221;{}&#8221;][et_pb_text _builder_version=&#8221;4.23.1&#8243; _module_preset=&#8221;default&#8221; text_font=&#8221;Poppins|||on|||||&#8221; text_text_color=&#8221;#FFFFFF&#8221; text_letter_spacing=&#8221;0.4px&#8221; custom_margin=&#8221;||10px||false|false&#8221; animation_style=&#8221;slide&#8221; animation_direction=&#8221;top&#8221; animation_duration=&#8221;800ms&#8221; animation_delay=&#8221;800ms&#8221; animation_intensity_slide=&#8221;30%&#8221; animation_speed_curve=&#8221;ease&#8221; global_colors_info=&#8221;{}&#8221;]<\/p>\n<p>Nosotros<\/p>\n<p>[\/et_pb_text][et_pb_text _builder_version=&#8221;4.23.1&#8243; _module_preset=&#8221;default&#8221; text_font=&#8221;Poppins|700|||||||&#8221; text_text_color=&#8221;#FFFFFF&#8221; text_font_size=&#8221;55px&#8221; text_letter_spacing=&#8221;0.4px&#8221; text_line_height=&#8221;1em&#8221; custom_margin=&#8221;||50px||false|false&#8221; animation_style=&#8221;slide&#8221; animation_direction=&#8221;top&#8221; animation_duration=&#8221;800ms&#8221; animation_delay=&#8221;1200ms&#8221; animation_intensity_slide=&#8221;30%&#8221; animation_speed_curve=&#8221;ease&#8221; global_colors_info=&#8221;{}&#8221;]<\/p>\n<p class=\"dsm_block_reveal_text_header et_pb_module_header\">M\u00e1s de 10 a\u00f1os construyendo confianza.<\/p>\n<p>[\/et_pb_text][et_pb_divider color=&#8221;rgba(255,255,255,0.65)&#8221; divider_weight=&#8221;2px&#8221; _builder_version=&#8221;4.23.1&#8243; _module_preset=&#8221;default&#8221; custom_margin=&#8221;||20px||false|false&#8221; global_colors_info=&#8221;{}&#8221;][\/et_pb_divider][dipi_breadcrumbs bc_custom_home=&#8221;on&#8221; bc_home_text=&#8221;Inicio&#8221; bc_separator_icon=&#8221;&#xf061;||fa||900&#8243; bc_separator_size=&#8221;14px&#8221; bc_separator_color=&#8221;#FFFFFF&#8221; bc_item_bg_color=&#8221;RGBA(255,255,255,0)&#8221; bc_active_item_color=&#8221;RGBA(255,255,255,0)&#8221; _builder_version=&#8221;4.23.1&#8243; _module_preset=&#8221;default&#8221; items_font=&#8221;Poppins|700|||||||&#8221; items_text_color=&#8221;#FFFFFF&#8221; items_font_size=&#8221;15px&#8221; items_letter_spacing=&#8221;0.4px&#8221; active_font=&#8221;|300|||||||&#8221; animation_style=&#8221;slide&#8221; animation_direction=&#8221;top&#8221; animation_duration=&#8221;800ms&#8221; animation_delay=&#8221;1600ms&#8221; animation_intensity_slide=&#8221;30%&#8221; animation_speed_curve=&#8221;ease&#8221; global_colors_info=&#8221;{}&#8221;][\/dipi_breadcrumbs][\/et_pb_column][\/et_pb_row][\/et_pb_section][et_pb_section fb_built=&#8221;1&#8243; _builder_version=&#8221;4.23.1&#8243; _module_preset=&#8221;default&#8221; custom_padding=&#8221;25px||25px||true|false&#8221; border_color_left=&#8221;#4e7a57&#8243; locked=&#8221;off&#8221; global_colors_info=&#8221;{}&#8221;][et_pb_row column_structure=&#8221;1_2,1_2&#8243; make_equal=&#8221;on&#8221; _builder_version=&#8221;4.23.1&#8243; _module_preset=&#8221;default&#8221; global_colors_info=&#8221;{}&#8221;][et_pb_column type=&#8221;1_2&#8243; _builder_version=&#8221;4.23.1&#8243; _module_preset=&#8221;default&#8221; global_colors_info=&#8221;{}&#8221;][et_pb_image src=&#8221;https:\/\/puamexico.com\/wp-content\/uploads\/2025\/01\/pua-nosotros-v3.png&#8221; title_text=&#8221;pua-nosotros-v3&#8243; _builder_version=&#8221;4.27.4&#8243; _module_preset=&#8221;default&#8221; positioning=&#8221;relative&#8221; vertical_offset=&#8221;49px&#8221; horizontal_offset=&#8221;-115px&#8221; width=&#8221;123%&#8221; animation_style=&#8221;slide&#8221; animation_direction=&#8221;bottom&#8221; animation_duration=&#8221;800ms&#8221; animation_intensity_slide=&#8221;30%&#8221; animation_speed_curve=&#8221;ease&#8221; hover_enabled=&#8221;0&#8243; locked=&#8221;off&#8221; global_colors_info=&#8221;{}&#8221; sticky_enabled=&#8221;0&#8243;][\/et_pb_image][\/et_pb_column][et_pb_column type=&#8221;1_2&#8243; _builder_version=&#8221;4.23.1&#8243; _module_preset=&#8221;default&#8221; custom_css_main_element=&#8221;margin: auto;&#8221; global_colors_info=&#8221;{}&#8221;][et_pb_text _builder_version=&#8221;4.23.1&#8243; _module_preset=&#8221;default&#8221; text_font=&#8221;Poppins|||on|||||&#8221; text_text_color=&#8221;#044685&#8243; text_letter_spacing=&#8221;0.4px&#8221; custom_margin=&#8221;||10px||false|false&#8221; animation_style=&#8221;slide&#8221; animation_direction=&#8221;bottom&#8221; animation_duration=&#8221;800ms&#8221; animation_intensity_slide=&#8221;30%&#8221; animation_speed_curve=&#8221;ease&#8221; global_colors_info=&#8221;{}&#8221;]<\/p>\n<p>Nosotros<\/p>\n<p>[\/et_pb_text][et_pb_text _builder_version=&#8221;4.23.1&#8243; _module_preset=&#8221;default&#8221; text_font=&#8221;Poppins|700|||||||&#8221; text_text_color=&#8221;#333333&#8243; text_font_size=&#8221;35px&#8221; text_letter_spacing=&#8221;0.4px&#8221; text_line_height=&#8221;1em&#8221; animation_style=&#8221;slide&#8221; animation_direction=&#8221;bottom&#8221; animation_duration=&#8221;800ms&#8221; animation_delay=&#8221;400ms&#8221; animation_intensity_slide=&#8221;30%&#8221; animation_speed_curve=&#8221;ease&#8221; global_colors_info=&#8221;{}&#8221;]<\/p>\n<p class=\"dsm_block_reveal_text_header et_pb_module_header\">M\u00e1s de <span style=\"color: #044685;\">10 a\u00f1os<\/span> construyendo confianza.<\/p>\n<p>[\/et_pb_text][et_pb_text _builder_version=&#8221;4.27.4&#8243; _module_preset=&#8221;default&#8221; text_font=&#8221;Poppins||||||||&#8221; text_text_color=&#8221;#333333&#8243; text_font_size=&#8221;18px&#8221; text_letter_spacing=&#8221;0.4px&#8221; custom_margin=&#8221;||25px||false|false&#8221; animation_style=&#8221;slide&#8221; animation_direction=&#8221;bottom&#8221; animation_duration=&#8221;800ms&#8221; animation_delay=&#8221;800ms&#8221; animation_intensity_slide=&#8221;30%&#8221; animation_speed_curve=&#8221;ease&#8221; global_colors_info=&#8221;{}&#8221;]<\/p>\n<p><strong>PUA M\u00e9xico<\/strong>\u00a0es una empresa con m\u00e1s de 10 a\u00f1os de experiencia en diversas ramas de la <strong>ingenier\u00eda civil<\/strong>. Inici\u00f3 en 2012 con la <strong>topograf\u00eda<\/strong> como rama principal, para despu\u00e9s incorporar los servicios de <strong>hidrolog\u00eda<\/strong>, <strong>rasantes<\/strong>, <strong>mec\u00e1nica de suelos<\/strong>, <strong>pavimentos<\/strong> e <strong>ingenier\u00eda de infraestructura<\/strong> de <strong>agua potable<\/strong> y <strong>drenaje sanitario<\/strong>.<\/p>\n<p>Actualmente, estamos conformados por un equipo de ingenieros altamente capacitados para brindar soluciones innovadoras para su proyecto, dedicados a transformar sus ideas en realidad.<\/p>\n<p>Nuestra amplia gama de servicios nos permite ofrecer desde el <strong>dise\u00f1o conceptual<\/strong> hasta la <strong>supervisi\u00f3n de obra<\/strong>, siempre con un enfoque en la <strong>calidad<\/strong>, la <strong>seguridad<\/strong> y la <strong>sostenibilidad<\/strong>. Nuestro compromiso es construir relaciones duraderas con nuestros clientes, ofreci\u00e9ndoles <strong>soluciones<\/strong> a medida que superen sus <strong>expectativas<\/strong>.<\/p>\n<p>[\/et_pb_text][\/et_pb_column][\/et_pb_row][\/et_pb_section][et_pb_section fb_built=&#8221;1&#8243; _builder_version=&#8221;4.23.1&#8243; _module_preset=&#8221;default&#8221; background_color=&#8221;#f9f9f9&#8243; background_enable_image=&#8221;off&#8221; background_blend=&#8221;multiply&#8221; background_enable_pattern_style=&#8221;on&#8221; background_pattern_style=&#8221;crosses&#8221; background_pattern_color=&#8221;rgba(78,122,87,0.05)&#8221; custom_padding=&#8221;25px||25px||true|false&#8221; border_color_left=&#8221;#4e7a57&#8243; locked=&#8221;off&#8221; global_colors_info=&#8221;{}&#8221;][et_pb_row _builder_version=&#8221;4.23.1&#8243; _module_preset=&#8221;default&#8221; custom_padding=&#8221;5px||5px||true|false&#8221; global_colors_info=&#8221;{}&#8221;][et_pb_column type=&#8221;4_4&#8243; _builder_version=&#8221;4.23.1&#8243; _module_preset=&#8221;default&#8221; global_colors_info=&#8221;{}&#8221;][et_pb_text _builder_version=&#8221;4.23.1&#8243; _module_preset=&#8221;default&#8221; text_font=&#8221;Poppins|||on|||||&#8221; text_text_color=&#8221;#044685&#8243; text_letter_spacing=&#8221;0.4px&#8221; text_orientation=&#8221;center&#8221; custom_margin=&#8221;||10px||false|false&#8221; animation_style=&#8221;slide&#8221; animation_direction=&#8221;bottom&#8221; animation_duration=&#8221;800ms&#8221; animation_intensity_slide=&#8221;30%&#8221; animation_speed_curve=&#8221;ease&#8221; global_colors_info=&#8221;{}&#8221;]<\/p>\n<p>Clientes<\/p>\n<p>[\/et_pb_text][et_pb_text _builder_version=&#8221;4.23.1&#8243; _module_preset=&#8221;default&#8221; text_font=&#8221;Poppins|700|||||||&#8221; text_text_color=&#8221;#333333&#8243; text_font_size=&#8221;35px&#8221; text_letter_spacing=&#8221;0.4px&#8221; text_line_height=&#8221;1em&#8221; text_orientation=&#8221;center&#8221; animation_style=&#8221;slide&#8221; animation_direction=&#8221;bottom&#8221; animation_duration=&#8221;800ms&#8221; animation_delay=&#8221;400ms&#8221; animation_intensity_slide=&#8221;30%&#8221; animation_speed_curve=&#8221;ease&#8221; locked=&#8221;off&#8221; global_colors_info=&#8221;{}&#8221;]<\/p>\n<p class=\"dsm_block_reveal_text_header et_pb_module_header\">Nuestros <span style=\"color: #044685;\">clientes.<\/span><\/p>\n<p>[\/et_pb_text][dipi_carousel loop_wide=&#8221;on&#8221; autoplay_wide=&#8221;on&#8221; autoplay_speed_wide=&#8221;3000&#8243; show_lightbox=&#8221;off&#8221; navigation=&#8221;on&#8221; navigation_prev_icon_yn=&#8221;on&#8221; navigation_prev_icon=&#8221;&#xf060;||fa||900&#8243; navigation_next_icon_yn=&#8221;on&#8221; navigation_next_icon=&#8221;&#xf061;||fa||900&#8243; navigation_size=&#8221;20&#8243; navigation_color=&#8221;#0564ad&#8221; navigation_bg_color=&#8221;#f4f4f4&#8243; navigation_circle=&#8221;on&#8221; _builder_version=&#8221;4.27.4&#8243; _module_preset=&#8221;default&#8221; hover_enabled=&#8221;0&#8243; global_colors_info=&#8221;{}&#8221; sticky_enabled=&#8221;0&#8243;][dipi_carousel_child label=&#8221;carza&#8221; img_src=&#8221;https:\/\/puamexico.com\/wp-content\/uploads\/2025\/01\/carza-logo.png&#8221; _builder_version=&#8221;4.27.4&#8243; _module_preset=&#8221;default&#8221; filter_contrast=&#8221;0%&#8221; hover_enabled=&#8221;0&#8243; global_colors_info=&#8221;{}&#8221; filter_contrast__hover_enabled=&#8221;on|hover&#8221; filter_contrast__hover=&#8221;100%&#8221; sticky_enabled=&#8221;0&#8243;][\/dipi_carousel_child][dipi_carousel_child label=&#8221;nexxus&#8221; img_src=&#8221;https:\/\/puamexico.com\/wp-content\/uploads\/2025\/01\/nexxus-logo.png&#8221; _builder_version=&#8221;4.27.4&#8243; _module_preset=&#8221;default&#8221; filter_contrast=&#8221;0%&#8221; hover_enabled=&#8221;0&#8243; global_colors_info=&#8221;{}&#8221; filter_contrast__hover_enabled=&#8221;on|hover&#8221; filter_contrast__hover=&#8221;100%&#8221; sticky_enabled=&#8221;0&#8243;][\/dipi_carousel_child][dipi_carousel_child label=&#8221;vynmsa&#8221; img_src=&#8221;https:\/\/puamexico.com\/wp-content\/uploads\/2025\/01\/vynmsa-logo.png&#8221; _builder_version=&#8221;4.27.4&#8243; _module_preset=&#8221;default&#8221; filter_contrast=&#8221;0%&#8221; hover_enabled=&#8221;0&#8243; global_colors_info=&#8221;{}&#8221; filter_contrast__hover_enabled=&#8221;on|hover&#8221; filter_contrast__hover=&#8221;100%&#8221; sticky_enabled=&#8221;0&#8243;][\/dipi_carousel_child][dipi_carousel_child label=&#8221;hermosillo y asociados&#8221; img_src=&#8221;https:\/\/puamexico.com\/wp-content\/uploads\/2025\/01\/hermosilloyasociados-logo.png&#8221; _builder_version=&#8221;4.27.4&#8243; _module_preset=&#8221;default&#8221; filter_contrast=&#8221;0%&#8221; hover_enabled=&#8221;0&#8243; global_colors_info=&#8221;{}&#8221; filter_contrast__hover_enabled=&#8221;on|hover&#8221; filter_contrast__hover=&#8221;100%&#8221; sticky_enabled=&#8221;0&#8243;][\/dipi_carousel_child][dipi_carousel_child label=&#8221;atlas desarrollos&#8221; img_src=&#8221;https:\/\/puamexico.com\/wp-content\/uploads\/2025\/01\/atlasdesarrollos-logo.png&#8221; _builder_version=&#8221;4.27.4&#8243; _module_preset=&#8221;default&#8221; filter_contrast=&#8221;0%&#8221; hover_enabled=&#8221;0&#8243; global_colors_info=&#8221;{}&#8221; filter_contrast__hover_enabled=&#8221;on|hover&#8221; filter_contrast__hover=&#8221;100%&#8221; sticky_enabled=&#8221;0&#8243;][\/dipi_carousel_child][dipi_carousel_child label=&#8221;ruba&#8221; img_src=&#8221;https:\/\/puamexico.com\/wp-content\/uploads\/2025\/01\/ruba-logo.png&#8221; _builder_version=&#8221;4.27.4&#8243; _module_preset=&#8221;default&#8221; filter_contrast=&#8221;0%&#8221; hover_enabled=&#8221;0&#8243; global_colors_info=&#8221;{}&#8221; filter_contrast__hover_enabled=&#8221;on|hover&#8221; filter_contrast__hover=&#8221;100%&#8221; sticky_enabled=&#8221;0&#8243;][\/dipi_carousel_child][\/dipi_carousel][\/et_pb_column][\/et_pb_row][\/et_pb_section][et_pb_section fb_built=&#8221;1&#8243; _builder_version=&#8221;4.23.1&#8243; _module_preset=&#8221;default&#8221; custom_padding=&#8221;25px||25px||true|false&#8221; border_color_left=&#8221;#4e7a57&#8243; global_colors_info=&#8221;{}&#8221;][et_pb_row _builder_version=&#8221;4.23.1&#8243; _module_preset=&#8221;default&#8221; custom_padding=&#8221;5px||5px||true|false&#8221; global_colors_info=&#8221;{}&#8221;][et_pb_column type=&#8221;4_4&#8243; _builder_version=&#8221;4.23.1&#8243; _module_preset=&#8221;default&#8221; global_colors_info=&#8221;{}&#8221;][et_pb_text _builder_version=&#8221;4.23.1&#8243; _module_preset=&#8221;default&#8221; text_font=&#8221;Poppins|||on|||||&#8221; text_text_color=&#8221;#044685&#8243; text_letter_spacing=&#8221;0.4px&#8221; text_orientation=&#8221;center&#8221; custom_margin=&#8221;||10px||false|false&#8221; animation_style=&#8221;slide&#8221; animation_direction=&#8221;bottom&#8221; animation_duration=&#8221;800ms&#8221; animation_intensity_slide=&#8221;30%&#8221; animation_speed_curve=&#8221;ease&#8221; global_colors_info=&#8221;{}&#8221;]<\/p>\n<p>Misi\u00f3n y visi\u00f3n<\/p>\n<p>[\/et_pb_text][et_pb_text _builder_version=&#8221;4.23.1&#8243; _module_preset=&#8221;default&#8221; text_font=&#8221;Poppins|700|||||||&#8221; text_text_color=&#8221;#333333&#8243; text_font_size=&#8221;35px&#8221; text_letter_spacing=&#8221;0.4px&#8221; text_line_height=&#8221;1em&#8221; text_orientation=&#8221;center&#8221; animation_style=&#8221;slide&#8221; animation_direction=&#8221;bottom&#8221; animation_duration=&#8221;800ms&#8221; animation_delay=&#8221;400ms&#8221; animation_intensity_slide=&#8221;30%&#8221; animation_speed_curve=&#8221;ease&#8221; locked=&#8221;off&#8221; global_colors_info=&#8221;{}&#8221;]<\/p>\n<p class=\"dsm_block_reveal_text_header et_pb_module_header\">Nuestro <span style=\"color: #044685;\">rumbo<\/span>, nuestra <span style=\"color: #044685;\">esencia.<\/span><\/p>\n<p>[\/et_pb_text][\/et_pb_column][\/et_pb_row][et_pb_row column_structure=&#8221;1_3,1_3,1_3&#8243; make_equal=&#8221;on&#8221; _builder_version=&#8221;4.23.1&#8243; _module_preset=&#8221;default&#8221; global_colors_info=&#8221;{}&#8221;][et_pb_column type=&#8221;1_3&#8243; _builder_version=&#8221;4.23.1&#8243; _module_preset=&#8221;default&#8221; custom_css_main_element=&#8221;margin: auto;&#8221; global_colors_info=&#8221;{}&#8221;][et_pb_blurb title=&#8221;Misi\u00f3n&#8221; use_icon=&#8221;on&#8221; font_icon=&#8221;&#xf069;||fa||900&#8243; icon_color=&#8221;#0564ad&#8221; icon_placement=&#8221;left&#8221; image_icon_width=&#8221;20px&#8221; content_max_width=&#8221;585px&#8221; _builder_version=&#8221;4.23.1&#8243; _module_preset=&#8221;default&#8221; header_font=&#8221;Poppins|700|||||||&#8221; header_text_color=&#8221;#333333&#8243; header_font_size=&#8221;22px&#8221; header_letter_spacing=&#8221;0.4px&#8221; body_font=&#8221;Poppins||||||||&#8221; body_text_color=&#8221;#333333&#8243; body_font_size=&#8221;17.5px&#8221; body_letter_spacing=&#8221;0.4px&#8221; image_icon_custom_margin=&#8221;5px||-10px||false|false&#8221; custom_margin=&#8221;||25px|-75px|false|false&#8221; animation_style=&#8221;slide&#8221; animation_direction=&#8221;bottom&#8221; animation_duration=&#8221;800ms&#8221; animation_delay=&#8221;800ms&#8221; animation_intensity_slide=&#8221;30%&#8221; animation_speed_curve=&#8221;ease&#8221; animation=&#8221;off&#8221; global_colors_info=&#8221;{}&#8221;]<\/p>\n<p>Nuestra <strong>misi\u00f3n<\/strong> es brindar <strong>asesor\u00eda especializada<\/strong> en diversas disciplinas de la <strong>ingenier\u00eda civil<\/strong>, con el fin de generar <strong>soluciones integrales<\/strong>, <strong>innovadoras<\/strong> y <strong>sostenibles<\/strong> a trav\u00e9s de:<\/p>\n<ol>\n<li>Potenciar las <strong>sinergias<\/strong> entre las diferentes <strong>disciplinas<\/strong>.<\/li>\n<li>Establecer <strong>relaciones duraderas<\/strong> basadas en la <strong>confianza<\/strong> y la <strong>colaboraci\u00f3n<\/strong> estrecha.<\/li>\n<li>Promover la <strong>excelencia<\/strong> y la <strong>calidad<\/strong> en nuestros servicios.<\/li>\n<\/ol>\n<p>Esto nos compromete a superar siempre las expectativas de nuestros <strong>clientes<\/strong> y a garantizar el <strong>\u00e9xito<\/strong> de sus <strong>proyectos<\/strong>.<\/p>\n<p>[\/et_pb_blurb][\/et_pb_column][et_pb_column type=&#8221;1_3&#8243; _builder_version=&#8221;4.23.1&#8243; _module_preset=&#8221;default&#8221; custom_css_main_element=&#8221;margin: auto;&#8221; global_colors_info=&#8221;{}&#8221;][et_pb_image src=&#8221;https:\/\/puamexico.com\/wp-content\/uploads\/2025\/01\/misionvision-otros-v2.png&#8221; title_text=&#8221;misionvision-otros-v2&#8243; _builder_version=&#8221;4.27.4&#8243; _module_preset=&#8221;default&#8221; positioning=&#8221;relative&#8221; horizontal_offset=&#8221;-47px&#8221; width=&#8221;155%&#8221; animation_style=&#8221;fade&#8221; animation_duration=&#8221;2500ms&#8221; animation_speed_curve=&#8221;ease&#8221; hover_enabled=&#8221;0&#8243; global_colors_info=&#8221;{}&#8221; sticky_enabled=&#8221;0&#8243;][\/et_pb_image][\/et_pb_column][et_pb_column type=&#8221;1_3&#8243; _builder_version=&#8221;4.23.1&#8243; _module_preset=&#8221;default&#8221; custom_css_main_element=&#8221;margin: auto;&#8221; global_colors_info=&#8221;{}&#8221;][et_pb_blurb title=&#8221;Visi\u00f3n&#8221; use_icon=&#8221;on&#8221; font_icon=&#8221;&#xf069;||fa||900&#8243; icon_color=&#8221;#0564ad&#8221; icon_placement=&#8221;left&#8221; image_icon_width=&#8221;20px&#8221; content_max_width=&#8221;585px&#8221; _builder_version=&#8221;4.23.1&#8243; _module_preset=&#8221;default&#8221; header_font=&#8221;Poppins|700|||||||&#8221; header_text_color=&#8221;#333333&#8243; header_font_size=&#8221;22px&#8221; header_letter_spacing=&#8221;0.4px&#8221; body_font=&#8221;Poppins||||||||&#8221; body_text_color=&#8221;#333333&#8243; body_font_size=&#8221;17.5px&#8221; body_letter_spacing=&#8221;0.4px&#8221; image_icon_custom_margin=&#8221;5px||-10px||false|false&#8221; custom_margin=&#8221;80px|-75px|||false|false&#8221; animation_style=&#8221;slide&#8221; animation_direction=&#8221;bottom&#8221; animation_duration=&#8221;800ms&#8221; animation_delay=&#8221;1200ms&#8221; animation_intensity_slide=&#8221;30%&#8221; animation_speed_curve=&#8221;ease&#8221; animation=&#8221;off&#8221; global_colors_info=&#8221;{}&#8221;]<\/p>\n<p>En <strong>2030<\/strong> nos encontramos en el <strong>top diez<\/strong> de empresas dedicadas a <strong>proyectos<\/strong> y <strong>asesor\u00edas<\/strong> relacionadas con la <strong>ingenier\u00eda civil<\/strong> en la regi\u00f3n <strong>noreste<\/strong> del pa\u00eds. Nuestra <strong>calidad<\/strong>, <strong>profesionalismo<\/strong>, <strong>seriedad<\/strong> y trato a <strong>nuestros clientes<\/strong> nos <strong>han<\/strong> posicionado como una empresa <strong>s\u00f3lida<\/strong> y de <strong>confianza<\/strong> en este rubro.<\/p>\n<p>[\/et_pb_blurb][\/et_pb_column][\/et_pb_row][\/et_pb_section]<\/p>\n","protected":false},"excerpt":{"rendered":"<p>NosotrosM\u00e1s de 10 a\u00f1os construyendo confianza.<div class=\"et_pb_module dipi_breadcrumbs dipi_breadcrumbs_0 et_animated\">\n\t\t\t\t\n\t\t\t\t\n\t\t\t\t\n\t\t\t\t\n\t\t\t\t\n\t\t\t\t\n\t\t\t\t<div class=\"et_pb_module_inner\">\n\t\t\t\t\t<div class=\"dipi-breadcrumbs dipi-bc-left\">\n                <ul >\n                    \n                                                        <li  class=\"dipi-breadcrumb-item dipi-breadcrumb-home\">\n\n                        \n                            <a  href=\"\">\n                                <span  content=\"Home\">\n                                                                        Inicio                                <\/span>\n                            <\/a>\n\n                                                <meta itemprop=\"position\" content=\"1\"\/>                    <\/li>\n\n                    <li class=\"dipi-breadcrumb-separator\">\n                    <span class=\"et-pb-icon dipi-separator-icon\">&#xf061;<\/span>\n                <\/li>                            \n                <\/ul>\n            <\/div>\n\t\t\t\t<\/div>\n\t\t\t<\/div>NosotrosM\u00e1s de 10 a\u00f1os construyendo confianza.PUA M\u00e9xico\u00a0es una empresa con m\u00e1s de 10 a\u00f1os de experiencia en diversas ramas de la ingenier\u00eda civil. Inici\u00f3 en 2012 con la topograf\u00eda [&hellip;]<\/p>\n","protected":false},"author":1,"featured_media":0,"parent":0,"menu_order":0,"comment_status":"closed","ping_status":"closed","template":"","meta":{"_et_pb_use_builder":"on","_et_pb_old_content":"","_et_gb_content_width":"","footnotes":""},"dipi_cpt_category":[],"class_list":["post-474","page","type-page","status-publish","hentry"],"_links":{"self":[{"href":"https:\/\/puamexico.com\/index.php\/wp-json\/wp\/v2\/pages\/474","targetHints":{"allow":["GET"]}}],"collection":[{"href":"https:\/\/puamexico.com\/index.php\/wp-json\/wp\/v2\/pages"}],"about":[{"href":"https:\/\/puamexico.com\/index.php\/wp-json\/wp\/v2\/types\/page"}],"author":[{"embeddable":true,"href":"https:\/\/puamexico.com\/index.php\/wp-json\/wp\/v2\/users\/1"}],"replies":[{"embeddable":true,"href":"https:\/\/puamexico.com\/index.php\/wp-json\/wp\/v2\/comments?post=474"}],"version-history":[{"count":9,"href":"https:\/\/puamexico.com\/index.php\/wp-json\/wp\/v2\/pages\/474\/revisions"}],"predecessor-version":[{"id":584,"href":"https:\/\/puamexico.com\/index.php\/wp-json\/wp\/v2\/pages\/474\/revisions\/584"}],"wp:attachment":[{"href":"https:\/\/puamexico.com\/index.php\/wp-json\/wp\/v2\/media?parent=474"}],"wp:term":[{"taxonomy":"dipi_cpt_category","embeddable":true,"href":"https:\/\/puamexico.com\/index.php\/wp-json\/wp\/v2\/dipi_cpt_category?post=474"}],"curies":[{"name":"wp","href":"https:\/\/api.w.org\/{rel}","templated":true}]}}